200223223300
In base 14, what is 3 - -109396a1?
109396a4
In base 4, what is 111311000 - -10121?
111321121
In base 2, what is 1101010010111110100 + -100101101?
1101010010011000111
In base 6, what is 33002114 - 313?
33001401
In base 5, what is 41002020 + -3322?
40443143
In base 6, what is -13021154 + 152?
-13021002
In base 6, what is -41330323 - -23?
-41330300
In base 16, what is -8dd8 + -416e?
-cf46
In base 14, what is 3bb + c66c?
ca49
In base 4, what is 11 - -111332110230?
111332110301
In base 16, what is -ac48665 + 1?
-ac48664
In base 13, what is 1b - -222282?
2222a0
In base 13, what is 42 + -8487b?
-84839
In base 2, what is -110011000 - 11100011111011111?
-11100100101110111
In base 2, what is -1000100111100001 + 101011010101100?
-11001100110101
In base 8, what is -61100222 + -4?
-61100226
In base 5, what is 21 - 20400033?
-20400012
In base 11, what is -25a - -37815?
37566
In base 2, what is -1000110011011100000111010010 + -11?
-1000110011011100000111010101
In base 15, what is -a8cb3 - -11?
-a8ca2
In base 11, what is -873536 - -54?
-873492
In base 7, what is -234044311 - 16?
-234044330
In base 16, what is a827f - -15?
a8294
In base 4, what is -12012 + -121300020?
-121312032
In base 2, what is -1001000001010000101100 - -11?
-1001000001010000101001
In base 6, what is 302 - 142343?
-142041
In base 13, what is 1aca32c - c?
1aca320
In base 11, what is -3 + -300253?
-300256
In base 10, what is 31380 + 182?
31562
In base 7, what is -21061145 - 113?
-21061261
In base 15, what is -4a0acb - -1d?
-4a0aad
In base 16, what is 9264 - 180?
90e4
In base 13, what is 5521 - c358?
-6b37
In base 5, what is 434112 - 213232?
220330
In base 6, what is -33201122 - 11?
-33201133
In base 14, what is 3 - 1adc530?
-1adc52b
In base 6, what is 535455 + -2?
535453
In base 9, what is -1 + -10378336?
-10378337
In base 6, what is 4410500 + -2041?
4404415
In base 13, what is 13a717bb6 + -2?
13a717bb4
In base 2, what is 1000000110101010110 - -1101100?
1000000110111000010
In base 5, what is 111342 - 41123?
20214
In base 5, what is 221 - 32430303?
-32430032
In base 8, what is 601645 + 40?
601705
In base 11, what is 1301 - 113?
1199
In base 8, what is -5 + 7736604?
7736577
In base 10, what is 3 - 3755165?
-3755162
In base 3, what is 101001020210022 + 10?
101001020210102
In base 5, what is 3022 - 33423?
-30401
In base 4, what is 3310 + -12322000?
-12312030
In base 9, what is 16872 - -11131?
28113
In base 6, what is -5341 + -11144?
-20525
In base 12, what is -a - 9440709?
-9440717
In base 9, what is 5 - 2567204?
-2567188
In base 7, what is -100162 - -54162?
-13000
In base 6, what is 140354 - -1043512?
1224310
In base 3, what is -121210010 + 10012211100?
2121001020
In base 8, what is 2 - -6075333?
6075335
In base 2, what is 11011111110 - -11110111101110110?
11111011001110100
In base 14, what is 5 - -3b9049?
3b9050
In base 11, what is -602891 - 27?
-602908
In base 3, what is 2221110022211 + -10021?
2221110012120
In base 14, what is -16 + 846cd8?
846cc2
In base 12, what is 23613718 + -9?
2361370b
In base 14, what is a4 + -20154?
-20090
In base 3, what is 101112 - -20222022002?
20222200121
In base 10, what is 808581 - 18?
808563
In base 11, what is 8 + 1528271?
1528279
In base 16, what is -224dd - -10e?
-223cf
In base 15, what is e45 - 1510?
-5ba
In base 7, what is -23546554 + -211?
-23550065
In base 4, what is 22113233 + 11100?
22130333
In base 11, what is -13 + 2624052?
262403a
In base 16, what is -cf7 - 2172?
-2e69
In base 14, what is -4dd2c - 162?
-50090
In base 14, what is 1 - -320590d7?
320590d8
In base 12, what is -5 + -73a6357?
-73a6360
In base 5, what is -24 + 1021?
442
In base 12, what is 1800 + -372?
144a
In base 15, what is -c58 + -408?
-1161
In base 11, what is 1387 + 11662?
12a39
In base 10, what is -1330263 - -148?
-1330115
In base 6, what is -20 + -2121205222?
-2121205242
In base 10, what is 113893520 + -18?
113893502
In base 5, what is -134444102 - 0?
-134444102
In base 16, what is 2 + 301eac0?
301eac2
In base 3, what is 12220 - -102202020212?
102202110202
In base 9, what is -2171725 + -13?
-2171738
In base 11, what is -8 - -1739335?
1739328
In base 9, what is -1122715 - -15?
-1122700
In base 14, what is 5db + -6c8a1?
-6c2a4
In base 15, what is 1 + -210e081?
-210e080
In base 7, what is 1056013 - 45?
1055635
In base 15, what is -165c1423 - 2?
-165c1425
In base 10, what is -5898796 + -5?
-5898801
In base 10, what is 1997263 + -236?
1997027
In base 5, what is -14333120 + 13140?
-14314430
In base 10, what is 1 + 66065561?
66065562
In base 14, what is -18c - 1b695?
-1b843
In base 12, what is 2 - -1793976?
1793978
In base 16, what is -53 - 304fa?
-3054d
In base 13, what is -2071 + -466?
-2507
In base 7, what is -31 + -1036526?
-1036560
In base 7, what is 103162153 + -25?
103162125
In base 5, what is 33 + -322304442?
-322304404
In base 10, what is -777829972 + 0?
-777829972
In base 8, what is 4 - 215715453?
-215715447
In base 5, what is -2410342113 + 10?
-2410342103
In base 4, what is 1222103323 + -3?
1222103320
In base 2, what is 1 + 1000000100101101001001111101?
1000000100101101001001111110
In base 6, what is -13155434 + 2223?
-13153211
In base 7, what is 66404 + -1156?
65215
In base 7, what is -1214555056 - -4?
-1214555052
In base 7, what is -15631466 - -12?
-15631454
In base 16, what is -41e - -7e666?
7e248
In base 9, what is 1 + 1500237?
1500238
In base 5, what is -142213 + -242032?
-434300
In base 2, what is 100 + -10101100111011001?
-10101100111010101
In base 6, what is -200 + 14415250?
14415050
In base 12, what is -11a028 - -6?
-11a022
In base 5, what is -10 + 232224144201?
232224144141
In base 12, what is -356 - 1b1011?
-1b1367
In base 5, what is -1140 - -3420103?
3413413
In base 13, what is b + 282b04?
282b12
In base 14, what is b6a531 - -d?
b6a540
In base 11, what is 16448735 + 5?
1644873a
In base 6, what is -1005513 - 115341?
-1125254
In base 14, what is -9 + -810055?
-810060
In base 14, what is ab57 + 4b?
aba4
In base 3, what is -1001 + -1111100100?
-1111101101
In base 4, what is -23 + -232002?
-232031
In base 12, what is -246 - 5aa9?
-6133
In base 8, what is 21713 - -7355?
31270
In base 15, what is 1157 - 26a6e?
-25917
In base 6, what is 135505023 - 11?
135505012
In base 4, what is -330110 + 3310131?
2320021
In base 5, what is -111 - 10130032032?
-10130032143
In base 12, what is 118b4b - a?
118b41
In base 8, what is -3733 + 1272?
-2441
In base 3, what is -110 + 110200210102?
110200202222
In base 8, what is -7 - -323263?
323254
In base 9, what is 51356 - 42285?
8061
In base 3, what is -101002021221 + 211212?
-101001110002
In base 5, what is -433 - -12220?
11232
In base 11, what is -1181 + a64a6?
a5325
In base 9, what is -4 - -101260268?
101260264
In base 9, what is -344637760 + 0?
-344637760
In base 13, what is 1 - 7c92807?
-7c92806
In base 7, what is -3562 + 22341?
15446
In base 13, what is 4cc9 + 20c?
5208
In base 10, what is 217141 - -447?
217588
In base 3, what is -21122101221 - -2211?
-21122022010
In base 14, what is -2d7326 + 2b?
-2d72d9
In base 13, what is 2a97b138 - 1?
2a97b137
In base 3, what is -212021102112111 + 100?
-212021102112011
In base 4, what is 3 - 10032312002?
-10032311333
In base 6, what is 1302122 - -1103?
1303225
In base 6, what is -1304351025 + 3?
-1304351022
In base 2, what is -11011 - -110000001110001001011100?
110000001110001001000001
In base 13, what is cac1 + -8271?
4850
In base 13, what is 36 + -1cbc5a?
-1cbc24
In base 8, what is 1351 + -40620?
-37247
In base 2, what is -1 - -1010110011000?
1010110010111
In base 3, what is 10111201021220 + 100?
10111201022020
In base 2, what is 1101101000001100101001 - 0?
1101101000001100101001
In base 2, what is 0 + -111111101111010010011100?
-111111101111010010011100
In base 4, what is -13311331 + -330?
-13312321
In base 9, what is 2811 + 14058?
16870
In base 9, what is -3744 + -53624?
-57468
In base 11, what is -55 - -755949?
7558a4
In base 12, what is 4b0 + -6b39?
-6649
In base 7, what is -2623 - -20632?
15006
In base 5, what is 3 - -12240124241?
12240124244
In base 9, what is 1 + 1121076?
1121077
In base 7, what is -122336446 + 11?
-122336435
In base 4, what is 222 + 33232?
100120
In base 10, what is 0 - -210639445?
210639445
In base 12, what is -758 - -226?
-532
In base 7, what is -340 + 20